{"id":9254,"date":"2023-03-29T16:00:17","date_gmt":"2023-03-29T16:00:17","guid":{"rendered":"https:\/\/gregorydamy.niceavocats.fr\/?post_type=product&#038;p=9254"},"modified":"2023-05-10T14:27:26","modified_gmt":"2023-05-10T14:27:26","slug":"contestazione-della-responsabilita-per-danno","status":"publish","type":"product","link":"https:\/\/gregorydamy.niceavocats.fr\/it\/produit\/contestazione-della-responsabilita-per-danno\/","title":{"rendered":"Contestazione della responsabilit\u00e0 per danno"},"content":{"rendered":"<p>Siete un mover indipendente o un manager di un&#8217;azienda che si trasferisce. Un cliente vi chiede un risarcimento per la perdita, durante il suo trasloco, di alcuni suoi effetti personali. Questo cliente ritiene che, in qualit\u00e0 di mover, siete responsabili di eventuali perdite subite durante il vostro incarico e che pertanto dovete risarcirle. Non si contestano le perdite, ma si considera comunque che sono dovute ad una colpa del cliente (scatole depositate in strada senza supervisione per esempio). Lei ritiene di non essere responsabile e che pertanto non sia necessario riparare il danno.<\/p>\n","protected":false},"excerpt":{"rendered":"<p>Siete un mover indipendente o un manager di un&#8217;azienda che si trasferisce. Un cliente vi chiede un risarcimento per la perdita, durante il suo trasloco, di alcuni suoi effetti personali. Questo cliente ritiene che, in qualit\u00e0 di mover, siete responsabili di eventuali perdite subite durante il vostro incarico e che pertanto dovete risarcirle. Non si [&hellip;]<\/p>\n","protected":false},"featured_media":17018,"comment_status":"open","ping_status":"closed","template":"","meta":{"_et_pb_use_builder":"","_et_pb_old_content":"","_et_gb_content_width":""},"product_brand":[],"product_cat":[344],"product_tag":[],"class_list":{"0":"post-9254","1":"product","2":"type-product","3":"status-publish","4":"has-post-thumbnail","6":"product_cat-atti-procedurali","8":"first","9":"instock","10":"downloadable","11":"taxable","12":"shipping-taxable","13":"purchasable","14":"product-type-simple"},"yoast_head":"<!-- This site is optimized with the Yoast SEO plugin v26.8 - https:\/\/yoast.com\/product\/yoast-seo-wordpress\/ -->\n<title>Contestazione della responsabilit\u00e0 per danno - Soci\u00e9t\u00e9 d&#039;avocats Damy<\/title>\n<meta name=\"robots\" content=\"index, follow, max-snippet:-1, max-image-preview:large, max-video-preview:-1\" \/>\n<link rel=\"canonical\" href=\"https:\/\/gregorydamy.niceavocats.fr\/it\/produit\/contestazione-della-responsabilita-per-danno\/\" \/>\n<meta property=\"og:locale\" content=\"it_IT\" \/>\n<meta property=\"og:type\" content=\"article\" \/>\n<meta property=\"og:title\" content=\"Contestazione della responsabilit\u00e0 per danno - Soci\u00e9t\u00e9 d&#039;avocats Damy\" \/>\n<meta property=\"og:description\" content=\"Siete un mover indipendente o un manager di un&#8217;azienda che si trasferisce. Un cliente vi chiede un risarcimento per la perdita, durante il suo trasloco, di alcuni suoi effetti personali. Questo cliente ritiene che, in qualit\u00e0 di mover, siete responsabili di eventuali perdite subite durante il vostro incarico e che pertanto dovete risarcirle. Non si [&hellip;]\" \/>\n<meta property=\"og:url\" content=\"https:\/\/gregorydamy.niceavocats.fr\/it\/produit\/contestazione-della-responsabilita-per-danno\/\" \/>\n<meta property=\"og:site_name\" content=\"Soci\u00e9t\u00e9 d&#039;avocats Damy\" \/>\n<meta property=\"article:publisher\" content=\"https:\/\/www.facebook.com\/niceavocats.fr\/\" \/>\n<meta property=\"article:modified_time\" content=\"2023-05-10T14:27:26+00:00\" \/>\n<meta property=\"og:image\" content=\"https:\/\/gregorydamy.niceavocats.fr\/wp-content\/uploads\/2023\/04\/formulaires.png\" \/>\n\t<meta property=\"og:image:width\" content=\"2048\" \/>\n\t<meta property=\"og:image:height\" content=\"1536\" \/>\n\t<meta property=\"og:image:type\" content=\"image\/png\" \/>\n<meta name=\"twitter:card\" content=\"summary_large_image\" \/>\n<meta name=\"twitter:label1\" content=\"Tempo di lettura stimato\" \/>\n\t<meta name=\"twitter:data1\" content=\"1 minuto\" \/>\n<script type=\"application\/ld+json\" class=\"yoast-schema-graph\">{\"@context\":\"https:\/\/schema.org\",\"@graph\":[{\"@type\":\"WebPage\",\"@id\":\"https:\/\/gregorydamy.niceavocats.fr\/it\/produit\/contestazione-della-responsabilita-per-danno\/\",\"url\":\"https:\/\/gregorydamy.niceavocats.fr\/it\/produit\/contestazione-della-responsabilita-per-danno\/\",\"name\":\"Contestazione della responsabilit\u00e0 per danno - Soci\u00e9t\u00e9 d&#039;avocats Damy\",\"isPartOf\":{\"@id\":\"https:\/\/gregorydamy.niceavocats.fr\/it\/#website\"},\"primaryImageOfPage\":{\"@id\":\"https:\/\/gregorydamy.niceavocats.fr\/it\/produit\/contestazione-della-responsabilita-per-danno\/#primaryimage\"},\"image\":{\"@id\":\"https:\/\/gregorydamy.niceavocats.fr\/it\/produit\/contestazione-della-responsabilita-per-danno\/#primaryimage\"},\"thumbnailUrl\":\"https:\/\/gregorydamy.niceavocats.fr\/wp-content\/uploads\/2023\/04\/formulaires.png\",\"datePublished\":\"2023-03-29T16:00:17+00:00\",\"dateModified\":\"2023-05-10T14:27:26+00:00\",\"breadcrumb\":{\"@id\":\"https:\/\/gregorydamy.niceavocats.fr\/it\/produit\/contestazione-della-responsabilita-per-danno\/#breadcrumb\"},\"inLanguage\":\"it-IT\",\"potentialAction\":[{\"@type\":\"ReadAction\",\"target\":[\"https:\/\/gregorydamy.niceavocats.fr\/it\/produit\/contestazione-della-responsabilita-per-danno\/\"]}]},{\"@type\":\"ImageObject\",\"inLanguage\":\"it-IT\",\"@id\":\"https:\/\/gregorydamy.niceavocats.fr\/it\/produit\/contestazione-della-responsabilita-per-danno\/#primaryimage\",\"url\":\"https:\/\/gregorydamy.niceavocats.fr\/wp-content\/uploads\/2023\/04\/formulaires.png\",\"contentUrl\":\"https:\/\/gregorydamy.niceavocats.fr\/wp-content\/uploads\/2023\/04\/formulaires.png\",\"width\":2048,\"height\":1536,\"caption\":\"Votre avocat \u00e0 Nice vous propose des mod\u00e8les d'actes et vous conseille sur leurs utilisation.\"},{\"@type\":\"BreadcrumbList\",\"@id\":\"https:\/\/gregorydamy.niceavocats.fr\/it\/produit\/contestazione-della-responsabilita-per-danno\/#breadcrumb\",\"itemListElement\":[{\"@type\":\"ListItem\",\"position\":1,\"name\":\"Accueil\",\"item\":\"https:\/\/gregorydamy.niceavocats.fr\/it\/\"},{\"@type\":\"ListItem\",\"position\":2,\"name\":\"Boutique\",\"item\":\"https:\/\/gregorydamy.niceavocats.fr\/boutique\/\"},{\"@type\":\"ListItem\",\"position\":3,\"name\":\"Contestazione della responsabilit\u00e0 per danno\"}]},{\"@type\":\"WebSite\",\"@id\":\"https:\/\/gregorydamy.niceavocats.fr\/it\/#website\",\"url\":\"https:\/\/gregorydamy.niceavocats.fr\/it\/\",\"name\":\"Soci\u00e9t\u00e9 d&#039;avocats Damy\",\"description\":\"Justice - Confiance - Efficacit\u00e9\",\"publisher\":{\"@id\":\"https:\/\/gregorydamy.niceavocats.fr\/it\/#organization\"},\"potentialAction\":[{\"@type\":\"SearchAction\",\"target\":{\"@type\":\"EntryPoint\",\"urlTemplate\":\"https:\/\/gregorydamy.niceavocats.fr\/it\/?s={search_term_string}\"},\"query-input\":{\"@type\":\"PropertyValueSpecification\",\"valueRequired\":true,\"valueName\":\"search_term_string\"}}],\"inLanguage\":\"it-IT\"},{\"@type\":\"Organization\",\"@id\":\"https:\/\/gregorydamy.niceavocats.fr\/it\/#organization\",\"name\":\"Soci\u00e9t\u00e9 d'Avocats DAMY\",\"alternateName\":\"Gr\u00e9gory DAMY\",\"url\":\"https:\/\/gregorydamy.niceavocats.fr\/it\/\",\"logo\":{\"@type\":\"ImageObject\",\"inLanguage\":\"it-IT\",\"@id\":\"https:\/\/gregorydamy.niceavocats.fr\/it\/#\/schema\/logo\/image\/\",\"url\":\"https:\/\/gregorydamy.niceavocats.fr\/wp-content\/uploads\/2023\/04\/damylogo-1.png\",\"contentUrl\":\"https:\/\/gregorydamy.niceavocats.fr\/wp-content\/uploads\/2023\/04\/damylogo-1.png\",\"width\":1890,\"height\":1417,\"caption\":\"Soci\u00e9t\u00e9 d'Avocats DAMY\"},\"image\":{\"@id\":\"https:\/\/gregorydamy.niceavocats.fr\/it\/#\/schema\/logo\/image\/\"},\"sameAs\":[\"https:\/\/www.facebook.com\/niceavocats.fr\/\"]}]}<\/script>\n<!-- \/ Yoast SEO plugin. -->","yoast_head_json":{"title":"Contestazione della responsabilit\u00e0 per danno - Soci\u00e9t\u00e9 d&#039;avocats Damy","robots":{"index":"index","follow":"follow","max-snippet":"max-snippet:-1","max-image-preview":"max-image-preview:large","max-video-preview":"max-video-preview:-1"},"canonical":"https:\/\/gregorydamy.niceavocats.fr\/it\/produit\/contestazione-della-responsabilita-per-danno\/","og_locale":"it_IT","og_type":"article","og_title":"Contestazione della responsabilit\u00e0 per danno - Soci\u00e9t\u00e9 d&#039;avocats Damy","og_description":"Siete un mover indipendente o un manager di un&#8217;azienda che si trasferisce. Un cliente vi chiede un risarcimento per la perdita, durante il suo trasloco, di alcuni suoi effetti personali. Questo cliente ritiene che, in qualit\u00e0 di mover, siete responsabili di eventuali perdite subite durante il vostro incarico e che pertanto dovete risarcirle. Non si [&hellip;]","og_url":"https:\/\/gregorydamy.niceavocats.fr\/it\/produit\/contestazione-della-responsabilita-per-danno\/","og_site_name":"Soci\u00e9t\u00e9 d&#039;avocats Damy","article_publisher":"https:\/\/www.facebook.com\/niceavocats.fr\/","article_modified_time":"2023-05-10T14:27:26+00:00","og_image":[{"width":2048,"height":1536,"url":"https:\/\/gregorydamy.niceavocats.fr\/wp-content\/uploads\/2023\/04\/formulaires.png","type":"image\/png"}],"twitter_card":"summary_large_image","twitter_misc":{"Tempo di lettura stimato":"1 minuto"},"schema":{"@context":"https:\/\/schema.org","@graph":[{"@type":"WebPage","@id":"https:\/\/gregorydamy.niceavocats.fr\/it\/produit\/contestazione-della-responsabilita-per-danno\/","url":"https:\/\/gregorydamy.niceavocats.fr\/it\/produit\/contestazione-della-responsabilita-per-danno\/","name":"Contestazione della responsabilit\u00e0 per danno - Soci\u00e9t\u00e9 d&#039;avocats Damy","isPartOf":{"@id":"https:\/\/gregorydamy.niceavocats.fr\/it\/#website"},"primaryImageOfPage":{"@id":"https:\/\/gregorydamy.niceavocats.fr\/it\/produit\/contestazione-della-responsabilita-per-danno\/#primaryimage"},"image":{"@id":"https:\/\/gregorydamy.niceavocats.fr\/it\/produit\/contestazione-della-responsabilita-per-danno\/#primaryimage"},"thumbnailUrl":"https:\/\/gregorydamy.niceavocats.fr\/wp-content\/uploads\/2023\/04\/formulaires.png","datePublished":"2023-03-29T16:00:17+00:00","dateModified":"2023-05-10T14:27:26+00:00","breadcrumb":{"@id":"https:\/\/gregorydamy.niceavocats.fr\/it\/produit\/contestazione-della-responsabilita-per-danno\/#breadcrumb"},"inLanguage":"it-IT","potentialAction":[{"@type":"ReadAction","target":["https:\/\/gregorydamy.niceavocats.fr\/it\/produit\/contestazione-della-responsabilita-per-danno\/"]}]},{"@type":"ImageObject","inLanguage":"it-IT","@id":"https:\/\/gregorydamy.niceavocats.fr\/it\/produit\/contestazione-della-responsabilita-per-danno\/#primaryimage","url":"https:\/\/gregorydamy.niceavocats.fr\/wp-content\/uploads\/2023\/04\/formulaires.png","contentUrl":"https:\/\/gregorydamy.niceavocats.fr\/wp-content\/uploads\/2023\/04\/formulaires.png","width":2048,"height":1536,"caption":"Votre avocat \u00e0 Nice vous propose des mod\u00e8les d'actes et vous conseille sur leurs utilisation."},{"@type":"BreadcrumbList","@id":"https:\/\/gregorydamy.niceavocats.fr\/it\/produit\/contestazione-della-responsabilita-per-danno\/#breadcrumb","itemListElement":[{"@type":"ListItem","position":1,"name":"Accueil","item":"https:\/\/gregorydamy.niceavocats.fr\/it\/"},{"@type":"ListItem","position":2,"name":"Boutique","item":"https:\/\/gregorydamy.niceavocats.fr\/boutique\/"},{"@type":"ListItem","position":3,"name":"Contestazione della responsabilit\u00e0 per danno"}]},{"@type":"WebSite","@id":"https:\/\/gregorydamy.niceavocats.fr\/it\/#website","url":"https:\/\/gregorydamy.niceavocats.fr\/it\/","name":"Soci\u00e9t\u00e9 d&#039;avocats Damy","description":"Justice - Confiance - Efficacit\u00e9","publisher":{"@id":"https:\/\/gregorydamy.niceavocats.fr\/it\/#organization"},"potentialAction":[{"@type":"SearchAction","target":{"@type":"EntryPoint","urlTemplate":"https:\/\/gregorydamy.niceavocats.fr\/it\/?s={search_term_string}"},"query-input":{"@type":"PropertyValueSpecification","valueRequired":true,"valueName":"search_term_string"}}],"inLanguage":"it-IT"},{"@type":"Organization","@id":"https:\/\/gregorydamy.niceavocats.fr\/it\/#organization","name":"Soci\u00e9t\u00e9 d'Avocats DAMY","alternateName":"Gr\u00e9gory DAMY","url":"https:\/\/gregorydamy.niceavocats.fr\/it\/","logo":{"@type":"ImageObject","inLanguage":"it-IT","@id":"https:\/\/gregorydamy.niceavocats.fr\/it\/#\/schema\/logo\/image\/","url":"https:\/\/gregorydamy.niceavocats.fr\/wp-content\/uploads\/2023\/04\/damylogo-1.png","contentUrl":"https:\/\/gregorydamy.niceavocats.fr\/wp-content\/uploads\/2023\/04\/damylogo-1.png","width":1890,"height":1417,"caption":"Soci\u00e9t\u00e9 d'Avocats DAMY"},"image":{"@id":"https:\/\/gregorydamy.niceavocats.fr\/it\/#\/schema\/logo\/image\/"},"sameAs":["https:\/\/www.facebook.com\/niceavocats.fr\/"]}]}},"_links":{"self":[{"href":"https:\/\/gregorydamy.niceavocats.fr\/it\/wp-json\/wp\/v2\/product\/9254","targetHints":{"allow":["GET"]}}],"collection":[{"href":"https:\/\/gregorydamy.niceavocats.fr\/it\/wp-json\/wp\/v2\/product"}],"about":[{"href":"https:\/\/gregorydamy.niceavocats.fr\/it\/wp-json\/wp\/v2\/types\/product"}],"replies":[{"embeddable":true,"href":"https:\/\/gregorydamy.niceavocats.fr\/it\/wp-json\/wp\/v2\/comments?post=9254"}],"wp:featuredmedia":[{"embeddable":true,"href":"https:\/\/gregorydamy.niceavocats.fr\/it\/wp-json\/wp\/v2\/media\/17018"}],"wp:attachment":[{"href":"https:\/\/gregorydamy.niceavocats.fr\/it\/wp-json\/wp\/v2\/media?parent=9254"}],"wp:term":[{"taxonomy":"product_brand","embeddable":true,"href":"https:\/\/gregorydamy.niceavocats.fr\/it\/wp-json\/wp\/v2\/product_brand?post=9254"},{"taxonomy":"product_cat","embeddable":true,"href":"https:\/\/gregorydamy.niceavocats.fr\/it\/wp-json\/wp\/v2\/product_cat?post=9254"},{"taxonomy":"product_tag","embeddable":true,"href":"https:\/\/gregorydamy.niceavocats.fr\/it\/wp-json\/wp\/v2\/product_tag?post=9254"}],"curies":[{"name":"wp","href":"https:\/\/api.w.org\/{rel}","templated":true}]}}

Contestazione della responsabilità per danno

<p>Siete un mover indipendente o un manager di un&#8217;azienda che si trasferisce. Un cliente vi chiede un risarcimento per la perdita, durante il suo trasloco, di alcuni suoi effetti personali. Questo cliente ritiene che, in qualità di mover, siete responsabili di eventuali perdite subite durante il vostro incarico e che pertanto dovete risarcirle. Non si contestano le perdite, ma si considera comunque che sono dovute ad una colpa del cliente (scatole depositate in strada senza supervisione per esempio). Lei ritiene di non essere responsabile e che pertanto non sia necessario riparare il danno.</p>

<p>Siete un mover indipendente o un manager di un&#8217;azienda che si trasferisce. Un cliente vi chiede un risarcimento per la perdita, durante il suo trasloco, di alcuni suoi effetti personali. Questo cliente ritiene che, in qualità di mover, siete responsabili di eventuali perdite subite durante il vostro incarico e che pertanto dovete risarcirle. Non si [&hellip;]</p>

<!-- This site is optimized with the Yoast SEO plugin v26.8 - https://yoast.com/product/yoast-seo-wordpress/ -->
<title>Contestazione della responsabilità per danno - Société d&#039;avocats Damy</title>
<meta name="robots" content="index, follow, max-snippet:-1, max-image-preview:large, max-video-preview:-1" />
<link rel="canonical" href="https://gregorydamy.niceavocats.fr/it/produit/contestazione-della-responsabilita-per-danno/" />
<meta property="og:locale" content="it_IT" />
<meta property="og:type" content="article" />
<meta property="og:title" content="Contestazione della responsabilità per danno - Société d&#039;avocats Damy" />
<meta property="og:description" content="Siete un mover indipendente o un manager di un&#8217;azienda che si trasferisce. Un cliente vi chiede un risarcimento per la perdita, durante il suo trasloco, di alcuni suoi effetti personali. Questo cliente ritiene che, in qualità di mover, siete responsabili di eventuali perdite subite durante il vostro incarico e che pertanto dovete risarcirle. Non si [&hellip;]" />
<meta property="og:url" content="https://gregorydamy.niceavocats.fr/it/produit/contestazione-della-responsabilita-per-danno/" />
<meta property="og:site_name" content="Société d&#039;avocats Damy" />
<meta property="article:publisher" content="https://www.facebook.com/niceavocats.fr/" />
<meta property="article:modified_time" content="2023-05-10T14:27:26+00:00" />
<meta property="og:image" content="https://gregorydamy.niceavocats.fr/wp-content/uploads/2023/04/formulaires.png" />
	<meta property="og:image:width" content="2048" />
	<meta property="og:image:height" content="1536" />
	<meta property="og:image:type" content="image/png" />
<meta name="twitter:card" content="summary_large_image" />
<meta name="twitter:label1" content="Tempo di lettura stimato" />
	<meta name="twitter:data1" content="1 minuto" />
<script type="application/ld+json" class="yoast-schema-graph">{"@context":"https://schema.org","@graph":[{"@type":"WebPage","@id":"https://gregorydamy.niceavocats.fr/it/produit/contestazione-della-responsabilita-per-danno/","url":"https://gregorydamy.niceavocats.fr/it/produit/contestazione-della-responsabilita-per-danno/","name":"Contestazione della responsabilità per danno - Société d&#039;avocats Damy","isPartOf":{"@id":"https://gregorydamy.niceavocats.fr/it/#website"},"primaryImageOfPage":{"@id":"https://gregorydamy.niceavocats.fr/it/produit/contestazione-della-responsabilita-per-danno/#primaryimage"},"image":{"@id":"https://gregorydamy.niceavocats.fr/it/produit/contestazione-della-responsabilita-per-danno/#primaryimage"},"thumbnailUrl":"https://gregorydamy.niceavocats.fr/wp-content/uploads/2023/04/formulaires.png","datePublished":"2023-03-29T16:00:17+00:00","dateModified":"2023-05-10T14:27:26+00:00","breadcrumb":{"@id":"https://gregorydamy.niceavocats.fr/it/produit/contestazione-della-responsabilita-per-danno/#breadcrumb"},"inLanguage":"it-IT","potentialAction":[{"@type":"ReadAction","target":["https://gregorydamy.niceavocats.fr/it/produit/contestazione-della-responsabilita-per-danno/"]}]},{"@type":"ImageObject","inLanguage":"it-IT","@id":"https://gregorydamy.niceavocats.fr/it/produit/contestazione-della-responsabilita-per-danno/#primaryimage","url":"https://gregorydamy.niceavocats.fr/wp-content/uploads/2023/04/formulaires.png","contentUrl":"https://gregorydamy.niceavocats.fr/wp-content/uploads/2023/04/formulaires.png","width":2048,"height":1536,"caption":"Votre avocat à Nice vous propose des modèles d'actes et vous conseille sur leurs utilisation."},{"@type":"BreadcrumbList","@id":"https://gregorydamy.niceavocats.fr/it/produit/contestazione-della-responsabilita-per-danno/#breadcrumb","itemListElement":[{"@type":"ListItem","position":1,"name":"Accueil","item":"https://gregorydamy.niceavocats.fr/it/"},{"@type":"ListItem","position":2,"name":"Boutique","item":"https://gregorydamy.niceavocats.fr/boutique/"},{"@type":"ListItem","position":3,"name":"Contestazione della responsabilità per danno"}]},{"@type":"WebSite","@id":"https://gregorydamy.niceavocats.fr/it/#website","url":"https://gregorydamy.niceavocats.fr/it/","name":"Société d&#039;avocats Damy","description":"Justice - Confiance - Efficacité","publisher":{"@id":"https://gregorydamy.niceavocats.fr/it/#organization"},"potentialAction":[{"@type":"SearchAction","target":{"@type":"EntryPoint","urlTemplate":"https://gregorydamy.niceavocats.fr/it/?s={search_term_string}"},"query-input":{"@type":"PropertyValueSpecification","valueRequired":true,"valueName":"search_term_string"}}],"inLanguage":"it-IT"},{"@type":"Organization","@id":"https://gregorydamy.niceavocats.fr/it/#organization","name":"Société d'Avocats DAMY","alternateName":"Grégory DAMY","url":"https://gregorydamy.niceavocats.fr/it/","logo":{"@type":"ImageObject","inLanguage":"it-IT","@id":"https://gregorydamy.niceavocats.fr/it/#/schema/logo/image/","url":"https://gregorydamy.niceavocats.fr/wp-content/uploads/2023/04/damylogo-1.png","contentUrl":"https://gregorydamy.niceavocats.fr/wp-content/uploads/2023/04/damylogo-1.png","width":1890,"height":1417,"caption":"Société d'Avocats DAMY"},"image":{"@id":"https://gregorydamy.niceavocats.fr/it/#/schema/logo/image/"},"sameAs":["https://www.facebook.com/niceavocats.fr/"]}]}</script>
<!-- / Yoast SEO plugin. -->

Contestazione della responsabilità per danno - Société d&#039;avocats Damy

Siete un mover indipendente o un manager di un&#8217;azienda che si trasferisce. Un cliente vi chiede un risarcimento per la perdita, durante il suo trasloco, di alcuni suoi effetti personali. Questo cliente ritiene che, in qualità di mover, siete responsabili di eventuali perdite subite durante il vostro incarico e che pertanto dovete risarcirle. Non si [&hellip;]

Société d&#039;avocats Damy

Votre avocat à Nice vous propose des modèles d'actes et vous conseille sur leurs utilisation.

Justice - Confiance - Efficacité

Société d'Avocats DAMY

Grégory DAMY
