{"id":11166,"date":"2023-04-01T01:49:26","date_gmt":"2023-04-01T01:49:26","guid":{"rendered":"https:\/\/gregorydamy.niceavocats.fr\/?post_type=product&#038;p=11166"},"modified":"2023-05-10T11:59:26","modified_gmt":"2023-05-10T11:59:26","slug":"contratto-a-tempo-determinato-senior","status":"publish","type":"product","link":"https:\/\/gregorydamy.niceavocats.fr\/it\/produit\/contratto-a-tempo-determinato-senior\/","title":{"rendered":"Contratto a tempo determinato senior"},"content":{"rendered":"<p>Il contratto di lavoro a tempo determinato di livello superiore \u00e8 un contratto di lavoro strettamente riservato all&#8217;assunzione di persone di et\u00e0 superiore a 57 anni. Queste persone devono essere state registrate come in cerca di lavoro per pi\u00f9 di 3 mesi o in base a un contratto di riclassificazione personalizzato (CRP). I contratti di lavoro a tempo determinato di durata superiore non possono essere conclusi per un periodo superiore a 18 mesi. Pu\u00f2 essere rinnovato una sola volta. Tale contratto ha lo scopo di favorire la reintegrazione del lavoratore nel mondo del lavoro e di consentirgli di acquisire diritti supplementari per il suo pensionamento. Inoltre, la legge n. 2010-1330 del 9 novembre 2010 prevede il versamento di un&#8217;assistenza da parte di P\u00f4le emploi al datore di lavoro che rappresenta il 14% dello stipendio lordo per un anno, indipendentemente dal livello salariale, entro i limiti del massimale di sicurezza sociale.<\/p>\n","protected":false},"excerpt":{"rendered":"<p>Il contratto di lavoro a tempo determinato di livello superiore \u00e8 un contratto di lavoro strettamente riservato all&#8217;assunzione di persone di et\u00e0 superiore a 57 anni. Queste persone devono essere state registrate come in cerca di lavoro per pi\u00f9 di 3 mesi o in base a un contratto di riclassificazione personalizzato (CRP). I contratti di [&hellip;]<\/p>\n","protected":false},"featured_media":17018,"comment_status":"open","ping_status":"closed","template":"","meta":{"_et_pb_use_builder":"","_et_pb_old_content":"","_et_gb_content_width":""},"product_brand":[],"product_cat":[353],"product_tag":[],"class_list":{"0":"post-11166","1":"product","2":"type-product","3":"status-publish","4":"has-post-thumbnail","6":"product_cat-diritto-del-lavoro","8":"first","9":"instock","10":"downloadable","11":"taxable","12":"shipping-taxable","13":"purchasable","14":"product-type-simple"},"yoast_head":"<!-- This site is optimized with the Yoast SEO plugin v26.8 - https:\/\/yoast.com\/product\/yoast-seo-wordpress\/ -->\n<title>Contratto a tempo determinato senior - Soci\u00e9t\u00e9 d&#039;avocats Damy<\/title>\n<meta name=\"robots\" content=\"index, follow, max-snippet:-1, max-image-preview:large, max-video-preview:-1\" \/>\n<link rel=\"canonical\" href=\"https:\/\/gregorydamy.niceavocats.fr\/it\/produit\/contratto-a-tempo-determinato-senior\/\" \/>\n<meta property=\"og:locale\" content=\"it_IT\" \/>\n<meta property=\"og:type\" content=\"article\" \/>\n<meta property=\"og:title\" content=\"Contratto a tempo determinato senior - Soci\u00e9t\u00e9 d&#039;avocats Damy\" \/>\n<meta property=\"og:description\" content=\"Il contratto di lavoro a tempo determinato di livello superiore \u00e8 un contratto di lavoro strettamente riservato all&#8217;assunzione di persone di et\u00e0 superiore a 57 anni. Queste persone devono essere state registrate come in cerca di lavoro per pi\u00f9 di 3 mesi o in base a un contratto di riclassificazione personalizzato (CRP). I contratti di [&hellip;]\" \/>\n<meta property=\"og:url\" content=\"https:\/\/gregorydamy.niceavocats.fr\/it\/produit\/contratto-a-tempo-determinato-senior\/\" \/>\n<meta property=\"og:site_name\" content=\"Soci\u00e9t\u00e9 d&#039;avocats Damy\" \/>\n<meta property=\"article:publisher\" content=\"https:\/\/www.facebook.com\/niceavocats.fr\/\" \/>\n<meta property=\"article:modified_time\" content=\"2023-05-10T11:59:26+00:00\" \/>\n<meta property=\"og:image\" content=\"https:\/\/gregorydamy.niceavocats.fr\/wp-content\/uploads\/2023\/04\/formulaires.png\" \/>\n\t<meta property=\"og:image:width\" content=\"2048\" \/>\n\t<meta property=\"og:image:height\" content=\"1536\" \/>\n\t<meta property=\"og:image:type\" content=\"image\/png\" \/>\n<meta name=\"twitter:card\" content=\"summary_large_image\" \/>\n<meta name=\"twitter:label1\" content=\"Tempo di lettura stimato\" \/>\n\t<meta name=\"twitter:data1\" content=\"1 minuto\" \/>\n<script type=\"application\/ld+json\" class=\"yoast-schema-graph\">{\"@context\":\"https:\/\/schema.org\",\"@graph\":[{\"@type\":\"WebPage\",\"@id\":\"https:\/\/gregorydamy.niceavocats.fr\/it\/produit\/contratto-a-tempo-determinato-senior\/\",\"url\":\"https:\/\/gregorydamy.niceavocats.fr\/it\/produit\/contratto-a-tempo-determinato-senior\/\",\"name\":\"Contratto a tempo determinato senior - Soci\u00e9t\u00e9 d&#039;avocats Damy\",\"isPartOf\":{\"@id\":\"https:\/\/gregorydamy.niceavocats.fr\/it\/#website\"},\"primaryImageOfPage\":{\"@id\":\"https:\/\/gregorydamy.niceavocats.fr\/it\/produit\/contratto-a-tempo-determinato-senior\/#primaryimage\"},\"image\":{\"@id\":\"https:\/\/gregorydamy.niceavocats.fr\/it\/produit\/contratto-a-tempo-determinato-senior\/#primaryimage\"},\"thumbnailUrl\":\"https:\/\/gregorydamy.niceavocats.fr\/wp-content\/uploads\/2023\/04\/formulaires.png\",\"datePublished\":\"2023-04-01T01:49:26+00:00\",\"dateModified\":\"2023-05-10T11:59:26+00:00\",\"breadcrumb\":{\"@id\":\"https:\/\/gregorydamy.niceavocats.fr\/it\/produit\/contratto-a-tempo-determinato-senior\/#breadcrumb\"},\"inLanguage\":\"it-IT\",\"potentialAction\":[{\"@type\":\"ReadAction\",\"target\":[\"https:\/\/gregorydamy.niceavocats.fr\/it\/produit\/contratto-a-tempo-determinato-senior\/\"]}]},{\"@type\":\"ImageObject\",\"inLanguage\":\"it-IT\",\"@id\":\"https:\/\/gregorydamy.niceavocats.fr\/it\/produit\/contratto-a-tempo-determinato-senior\/#primaryimage\",\"url\":\"https:\/\/gregorydamy.niceavocats.fr\/wp-content\/uploads\/2023\/04\/formulaires.png\",\"contentUrl\":\"https:\/\/gregorydamy.niceavocats.fr\/wp-content\/uploads\/2023\/04\/formulaires.png\",\"width\":2048,\"height\":1536,\"caption\":\"Votre avocat \u00e0 Nice vous propose des mod\u00e8les d'actes et vous conseille sur leurs utilisation.\"},{\"@type\":\"BreadcrumbList\",\"@id\":\"https:\/\/gregorydamy.niceavocats.fr\/it\/produit\/contratto-a-tempo-determinato-senior\/#breadcrumb\",\"itemListElement\":[{\"@type\":\"ListItem\",\"position\":1,\"name\":\"Accueil\",\"item\":\"https:\/\/gregorydamy.niceavocats.fr\/it\/\"},{\"@type\":\"ListItem\",\"position\":2,\"name\":\"Boutique\",\"item\":\"https:\/\/gregorydamy.niceavocats.fr\/boutique\/\"},{\"@type\":\"ListItem\",\"position\":3,\"name\":\"Contratto a tempo determinato senior\"}]},{\"@type\":\"WebSite\",\"@id\":\"https:\/\/gregorydamy.niceavocats.fr\/it\/#website\",\"url\":\"https:\/\/gregorydamy.niceavocats.fr\/it\/\",\"name\":\"Soci\u00e9t\u00e9 d&#039;avocats Damy\",\"description\":\"Justice - Confiance - Efficacit\u00e9\",\"publisher\":{\"@id\":\"https:\/\/gregorydamy.niceavocats.fr\/it\/#organization\"},\"potentialAction\":[{\"@type\":\"SearchAction\",\"target\":{\"@type\":\"EntryPoint\",\"urlTemplate\":\"https:\/\/gregorydamy.niceavocats.fr\/it\/?s={search_term_string}\"},\"query-input\":{\"@type\":\"PropertyValueSpecification\",\"valueRequired\":true,\"valueName\":\"search_term_string\"}}],\"inLanguage\":\"it-IT\"},{\"@type\":\"Organization\",\"@id\":\"https:\/\/gregorydamy.niceavocats.fr\/it\/#organization\",\"name\":\"Soci\u00e9t\u00e9 d'Avocats DAMY\",\"alternateName\":\"Gr\u00e9gory DAMY\",\"url\":\"https:\/\/gregorydamy.niceavocats.fr\/it\/\",\"logo\":{\"@type\":\"ImageObject\",\"inLanguage\":\"it-IT\",\"@id\":\"https:\/\/gregorydamy.niceavocats.fr\/it\/#\/schema\/logo\/image\/\",\"url\":\"https:\/\/gregorydamy.niceavocats.fr\/wp-content\/uploads\/2023\/04\/damylogo-1.png\",\"contentUrl\":\"https:\/\/gregorydamy.niceavocats.fr\/wp-content\/uploads\/2023\/04\/damylogo-1.png\",\"width\":1890,\"height\":1417,\"caption\":\"Soci\u00e9t\u00e9 d'Avocats DAMY\"},\"image\":{\"@id\":\"https:\/\/gregorydamy.niceavocats.fr\/it\/#\/schema\/logo\/image\/\"},\"sameAs\":[\"https:\/\/www.facebook.com\/niceavocats.fr\/\"]}]}<\/script>\n<!-- \/ Yoast SEO plugin. -->","yoast_head_json":{"title":"Contratto a tempo determinato senior - Soci\u00e9t\u00e9 d&#039;avocats Damy","robots":{"index":"index","follow":"follow","max-snippet":"max-snippet:-1","max-image-preview":"max-image-preview:large","max-video-preview":"max-video-preview:-1"},"canonical":"https:\/\/gregorydamy.niceavocats.fr\/it\/produit\/contratto-a-tempo-determinato-senior\/","og_locale":"it_IT","og_type":"article","og_title":"Contratto a tempo determinato senior - Soci\u00e9t\u00e9 d&#039;avocats Damy","og_description":"Il contratto di lavoro a tempo determinato di livello superiore \u00e8 un contratto di lavoro strettamente riservato all&#8217;assunzione di persone di et\u00e0 superiore a 57 anni. Queste persone devono essere state registrate come in cerca di lavoro per pi\u00f9 di 3 mesi o in base a un contratto di riclassificazione personalizzato (CRP). I contratti di [&hellip;]","og_url":"https:\/\/gregorydamy.niceavocats.fr\/it\/produit\/contratto-a-tempo-determinato-senior\/","og_site_name":"Soci\u00e9t\u00e9 d&#039;avocats Damy","article_publisher":"https:\/\/www.facebook.com\/niceavocats.fr\/","article_modified_time":"2023-05-10T11:59:26+00:00","og_image":[{"width":2048,"height":1536,"url":"https:\/\/gregorydamy.niceavocats.fr\/wp-content\/uploads\/2023\/04\/formulaires.png","type":"image\/png"}],"twitter_card":"summary_large_image","twitter_misc":{"Tempo di lettura stimato":"1 minuto"},"schema":{"@context":"https:\/\/schema.org","@graph":[{"@type":"WebPage","@id":"https:\/\/gregorydamy.niceavocats.fr\/it\/produit\/contratto-a-tempo-determinato-senior\/","url":"https:\/\/gregorydamy.niceavocats.fr\/it\/produit\/contratto-a-tempo-determinato-senior\/","name":"Contratto a tempo determinato senior - Soci\u00e9t\u00e9 d&#039;avocats Damy","isPartOf":{"@id":"https:\/\/gregorydamy.niceavocats.fr\/it\/#website"},"primaryImageOfPage":{"@id":"https:\/\/gregorydamy.niceavocats.fr\/it\/produit\/contratto-a-tempo-determinato-senior\/#primaryimage"},"image":{"@id":"https:\/\/gregorydamy.niceavocats.fr\/it\/produit\/contratto-a-tempo-determinato-senior\/#primaryimage"},"thumbnailUrl":"https:\/\/gregorydamy.niceavocats.fr\/wp-content\/uploads\/2023\/04\/formulaires.png","datePublished":"2023-04-01T01:49:26+00:00","dateModified":"2023-05-10T11:59:26+00:00","breadcrumb":{"@id":"https:\/\/gregorydamy.niceavocats.fr\/it\/produit\/contratto-a-tempo-determinato-senior\/#breadcrumb"},"inLanguage":"it-IT","potentialAction":[{"@type":"ReadAction","target":["https:\/\/gregorydamy.niceavocats.fr\/it\/produit\/contratto-a-tempo-determinato-senior\/"]}]},{"@type":"ImageObject","inLanguage":"it-IT","@id":"https:\/\/gregorydamy.niceavocats.fr\/it\/produit\/contratto-a-tempo-determinato-senior\/#primaryimage","url":"https:\/\/gregorydamy.niceavocats.fr\/wp-content\/uploads\/2023\/04\/formulaires.png","contentUrl":"https:\/\/gregorydamy.niceavocats.fr\/wp-content\/uploads\/2023\/04\/formulaires.png","width":2048,"height":1536,"caption":"Votre avocat \u00e0 Nice vous propose des mod\u00e8les d'actes et vous conseille sur leurs utilisation."},{"@type":"BreadcrumbList","@id":"https:\/\/gregorydamy.niceavocats.fr\/it\/produit\/contratto-a-tempo-determinato-senior\/#breadcrumb","itemListElement":[{"@type":"ListItem","position":1,"name":"Accueil","item":"https:\/\/gregorydamy.niceavocats.fr\/it\/"},{"@type":"ListItem","position":2,"name":"Boutique","item":"https:\/\/gregorydamy.niceavocats.fr\/boutique\/"},{"@type":"ListItem","position":3,"name":"Contratto a tempo determinato senior"}]},{"@type":"WebSite","@id":"https:\/\/gregorydamy.niceavocats.fr\/it\/#website","url":"https:\/\/gregorydamy.niceavocats.fr\/it\/","name":"Soci\u00e9t\u00e9 d&#039;avocats Damy","description":"Justice - Confiance - Efficacit\u00e9","publisher":{"@id":"https:\/\/gregorydamy.niceavocats.fr\/it\/#organization"},"potentialAction":[{"@type":"SearchAction","target":{"@type":"EntryPoint","urlTemplate":"https:\/\/gregorydamy.niceavocats.fr\/it\/?s={search_term_string}"},"query-input":{"@type":"PropertyValueSpecification","valueRequired":true,"valueName":"search_term_string"}}],"inLanguage":"it-IT"},{"@type":"Organization","@id":"https:\/\/gregorydamy.niceavocats.fr\/it\/#organization","name":"Soci\u00e9t\u00e9 d'Avocats DAMY","alternateName":"Gr\u00e9gory DAMY","url":"https:\/\/gregorydamy.niceavocats.fr\/it\/","logo":{"@type":"ImageObject","inLanguage":"it-IT","@id":"https:\/\/gregorydamy.niceavocats.fr\/it\/#\/schema\/logo\/image\/","url":"https:\/\/gregorydamy.niceavocats.fr\/wp-content\/uploads\/2023\/04\/damylogo-1.png","contentUrl":"https:\/\/gregorydamy.niceavocats.fr\/wp-content\/uploads\/2023\/04\/damylogo-1.png","width":1890,"height":1417,"caption":"Soci\u00e9t\u00e9 d'Avocats DAMY"},"image":{"@id":"https:\/\/gregorydamy.niceavocats.fr\/it\/#\/schema\/logo\/image\/"},"sameAs":["https:\/\/www.facebook.com\/niceavocats.fr\/"]}]}},"_links":{"self":[{"href":"https:\/\/gregorydamy.niceavocats.fr\/it\/wp-json\/wp\/v2\/product\/11166","targetHints":{"allow":["GET"]}}],"collection":[{"href":"https:\/\/gregorydamy.niceavocats.fr\/it\/wp-json\/wp\/v2\/product"}],"about":[{"href":"https:\/\/gregorydamy.niceavocats.fr\/it\/wp-json\/wp\/v2\/types\/product"}],"replies":[{"embeddable":true,"href":"https:\/\/gregorydamy.niceavocats.fr\/it\/wp-json\/wp\/v2\/comments?post=11166"}],"wp:featuredmedia":[{"embeddable":true,"href":"https:\/\/gregorydamy.niceavocats.fr\/it\/wp-json\/wp\/v2\/media\/17018"}],"wp:attachment":[{"href":"https:\/\/gregorydamy.niceavocats.fr\/it\/wp-json\/wp\/v2\/media?parent=11166"}],"wp:term":[{"taxonomy":"product_brand","embeddable":true,"href":"https:\/\/gregorydamy.niceavocats.fr\/it\/wp-json\/wp\/v2\/product_brand?post=11166"},{"taxonomy":"product_cat","embeddable":true,"href":"https:\/\/gregorydamy.niceavocats.fr\/it\/wp-json\/wp\/v2\/product_cat?post=11166"},{"taxonomy":"product_tag","embeddable":true,"href":"https:\/\/gregorydamy.niceavocats.fr\/it\/wp-json\/wp\/v2\/product_tag?post=11166"}],"curies":[{"name":"wp","href":"https:\/\/api.w.org\/{rel}","templated":true}]}}

<p>Il contratto di lavoro a tempo determinato di livello superiore è un contratto di lavoro strettamente riservato all&#8217;assunzione di persone di età superiore a 57 anni. Queste persone devono essere state registrate come in cerca di lavoro per più di 3 mesi o in base a un contratto di riclassificazione personalizzato (CRP). I contratti di lavoro a tempo determinato di durata superiore non possono essere conclusi per un periodo superiore a 18 mesi. Può essere rinnovato una sola volta. Tale contratto ha lo scopo di favorire la reintegrazione del lavoratore nel mondo del lavoro e di consentirgli di acquisire diritti supplementari per il suo pensionamento. Inoltre, la legge n. 2010-1330 del 9 novembre 2010 prevede il versamento di un&#8217;assistenza da parte di Pôle emploi al datore di lavoro che rappresenta il 14% dello stipendio lordo per un anno, indipendentemente dal livello salariale, entro i limiti del massimale di sicurezza sociale.</p>

<p>Il contratto di lavoro a tempo determinato di livello superiore è un contratto di lavoro strettamente riservato all&#8217;assunzione di persone di età superiore a 57 anni. Queste persone devono essere state registrate come in cerca di lavoro per più di 3 mesi o in base a un contratto di riclassificazione personalizzato (CRP). I contratti di [&hellip;]</p>

<!-- This site is optimized with the Yoast SEO plugin v26.8 - https://yoast.com/product/yoast-seo-wordpress/ -->
<title>Contratto a tempo determinato senior - Société d&#039;avocats Damy</title>
<meta name="robots" content="index, follow, max-snippet:-1, max-image-preview:large, max-video-preview:-1" />
<link rel="canonical" href="https://gregorydamy.niceavocats.fr/it/produit/contratto-a-tempo-determinato-senior/" />
<meta property="og:locale" content="it_IT" />
<meta property="og:type" content="article" />
<meta property="og:title" content="Contratto a tempo determinato senior - Société d&#039;avocats Damy" />
<meta property="og:description" content="Il contratto di lavoro a tempo determinato di livello superiore è un contratto di lavoro strettamente riservato all&#8217;assunzione di persone di età superiore a 57 anni. Queste persone devono essere state registrate come in cerca di lavoro per più di 3 mesi o in base a un contratto di riclassificazione personalizzato (CRP). I contratti di [&hellip;]" />
<meta property="og:url" content="https://gregorydamy.niceavocats.fr/it/produit/contratto-a-tempo-determinato-senior/" />
<meta property="og:site_name" content="Société d&#039;avocats Damy" />
<meta property="article:publisher" content="https://www.facebook.com/niceavocats.fr/" />
<meta property="article:modified_time" content="2023-05-10T11:59:26+00:00" />
<meta property="og:image" content="https://gregorydamy.niceavocats.fr/wp-content/uploads/2023/04/formulaires.png" />
	<meta property="og:image:width" content="2048" />
	<meta property="og:image:height" content="1536" />
	<meta property="og:image:type" content="image/png" />
<meta name="twitter:card" content="summary_large_image" />
<meta name="twitter:label1" content="Tempo di lettura stimato" />
	<meta name="twitter:data1" content="1 minuto" />
<script type="application/ld+json" class="yoast-schema-graph">{"@context":"https://schema.org","@graph":[{"@type":"WebPage","@id":"https://gregorydamy.niceavocats.fr/it/produit/contratto-a-tempo-determinato-senior/","url":"https://gregorydamy.niceavocats.fr/it/produit/contratto-a-tempo-determinato-senior/","name":"Contratto a tempo determinato senior - Société d&#039;avocats Damy","isPartOf":{"@id":"https://gregorydamy.niceavocats.fr/it/#website"},"primaryImageOfPage":{"@id":"https://gregorydamy.niceavocats.fr/it/produit/contratto-a-tempo-determinato-senior/#primaryimage"},"image":{"@id":"https://gregorydamy.niceavocats.fr/it/produit/contratto-a-tempo-determinato-senior/#primaryimage"},"thumbnailUrl":"https://gregorydamy.niceavocats.fr/wp-content/uploads/2023/04/formulaires.png","datePublished":"2023-04-01T01:49:26+00:00","dateModified":"2023-05-10T11:59:26+00:00","breadcrumb":{"@id":"https://gregorydamy.niceavocats.fr/it/produit/contratto-a-tempo-determinato-senior/#breadcrumb"},"inLanguage":"it-IT","potentialAction":[{"@type":"ReadAction","target":["https://gregorydamy.niceavocats.fr/it/produit/contratto-a-tempo-determinato-senior/"]}]},{"@type":"ImageObject","inLanguage":"it-IT","@id":"https://gregorydamy.niceavocats.fr/it/produit/contratto-a-tempo-determinato-senior/#primaryimage","url":"https://gregorydamy.niceavocats.fr/wp-content/uploads/2023/04/formulaires.png","contentUrl":"https://gregorydamy.niceavocats.fr/wp-content/uploads/2023/04/formulaires.png","width":2048,"height":1536,"caption":"Votre avocat à Nice vous propose des modèles d'actes et vous conseille sur leurs utilisation."},{"@type":"BreadcrumbList","@id":"https://gregorydamy.niceavocats.fr/it/produit/contratto-a-tempo-determinato-senior/#breadcrumb","itemListElement":[{"@type":"ListItem","position":1,"name":"Accueil","item":"https://gregorydamy.niceavocats.fr/it/"},{"@type":"ListItem","position":2,"name":"Boutique","item":"https://gregorydamy.niceavocats.fr/boutique/"},{"@type":"ListItem","position":3,"name":"Contratto a tempo determinato senior"}]},{"@type":"WebSite","@id":"https://gregorydamy.niceavocats.fr/it/#website","url":"https://gregorydamy.niceavocats.fr/it/","name":"Société d&#039;avocats Damy","description":"Justice - Confiance - Efficacité","publisher":{"@id":"https://gregorydamy.niceavocats.fr/it/#organization"},"potentialAction":[{"@type":"SearchAction","target":{"@type":"EntryPoint","urlTemplate":"https://gregorydamy.niceavocats.fr/it/?s={search_term_string}"},"query-input":{"@type":"PropertyValueSpecification","valueRequired":true,"valueName":"search_term_string"}}],"inLanguage":"it-IT"},{"@type":"Organization","@id":"https://gregorydamy.niceavocats.fr/it/#organization","name":"Société d'Avocats DAMY","alternateName":"Grégory DAMY","url":"https://gregorydamy.niceavocats.fr/it/","logo":{"@type":"ImageObject","inLanguage":"it-IT","@id":"https://gregorydamy.niceavocats.fr/it/#/schema/logo/image/","url":"https://gregorydamy.niceavocats.fr/wp-content/uploads/2023/04/damylogo-1.png","contentUrl":"https://gregorydamy.niceavocats.fr/wp-content/uploads/2023/04/damylogo-1.png","width":1890,"height":1417,"caption":"Société d'Avocats DAMY"},"image":{"@id":"https://gregorydamy.niceavocats.fr/it/#/schema/logo/image/"},"sameAs":["https://www.facebook.com/niceavocats.fr/"]}]}</script>
<!-- / Yoast SEO plugin. -->

Contratto a tempo determinato senior - Société d&#039;avocats Damy

Il contratto di lavoro a tempo determinato di livello superiore è un contratto di lavoro strettamente riservato all&#8217;assunzione di persone di età superiore a 57 anni. Queste persone devono essere state registrate come in cerca di lavoro per più di 3 mesi o in base a un contratto di riclassificazione personalizzato (CRP). I contratti di [&hellip;]

Société d&#039;avocats Damy

Votre avocat à Nice vous propose des modèles d'actes et vous conseille sur leurs utilisation.

Justice - Confiance - Efficacité

Société d'Avocats DAMY

Grégory DAMY
