{"id":12194,"date":"2023-04-01T08:20:16","date_gmt":"2023-04-01T08:20:16","guid":{"rendered":"https:\/\/gregorydamy.niceavocats.fr\/?post_type=product&#038;p=12194"},"modified":"2023-05-06T11:41:27","modified_gmt":"2023-05-06T11:41:27","slug":"situacion-de-los-compromisos-contraidos-por-los-fundadores","status":"publish","type":"product","link":"https:\/\/gregorydamy.niceavocats.fr\/es\/produit\/situacion-de-los-compromisos-contraidos-por-los-fundadores\/","title":{"rendered":"Situaci\u00f3n de los compromisos contra\u00eddos por los fundadores"},"content":{"rendered":"<p>A la hora de constituir una empresa, los fundadores deben indicar los compromisos que han contra\u00eddo en nombre de su empresa en proceso de constituci\u00f3n, tales como la apertura de una cuenta bancaria, el pago de facturas&#8230; Son escrituras que vinculan a la empresa antes de la firma de los estatutos. La declaraci\u00f3n de compromisos se presenta a los socios en el momento de la firma de los estatutos. Se adjunta a esta \u00faltima. Este v\u00ednculo significa, por tanto, que la empresa se compromete a hacerse cargo de ellos.<\/p>\n","protected":false},"excerpt":{"rendered":"<p>A la hora de constituir una empresa, los fundadores deben indicar los compromisos que han contra\u00eddo en nombre de su empresa en proceso de constituci\u00f3n, tales como la apertura de una cuenta bancaria, el pago de facturas&#8230; Son escrituras que vinculan a la empresa antes de la firma de los estatutos. La declaraci\u00f3n de compromisos [&hellip;]<\/p>\n","protected":false},"featured_media":17019,"comment_status":"open","ping_status":"closed","template":"","meta":{"_et_pb_use_builder":"","_et_pb_old_content":"","_et_gb_content_width":""},"product_brand":[],"product_cat":[357],"product_tag":[],"class_list":{"0":"post-12194","1":"product","2":"type-product","3":"status-publish","4":"has-post-thumbnail","6":"product_cat-derecho-de-sociedades","8":"first","9":"instock","10":"downloadable","11":"taxable","12":"shipping-taxable","13":"purchasable","14":"product-type-simple"},"yoast_head":"<!-- This site is optimized with the Yoast SEO plugin v26.8 - https:\/\/yoast.com\/product\/yoast-seo-wordpress\/ -->\n<title>Situaci\u00f3n de los compromisos contra\u00eddos por los fundadores - Soci\u00e9t\u00e9 d&#039;avocats Damy<\/title>\n<meta name=\"robots\" content=\"index, follow, max-snippet:-1, max-image-preview:large, max-video-preview:-1\" \/>\n<link rel=\"canonical\" href=\"https:\/\/gregorydamy.niceavocats.fr\/es\/produit\/situacion-de-los-compromisos-contraidos-por-los-fundadores\/\" \/>\n<meta property=\"og:locale\" content=\"es_ES\" \/>\n<meta property=\"og:type\" content=\"article\" \/>\n<meta property=\"og:title\" content=\"Situaci\u00f3n de los compromisos contra\u00eddos por los fundadores - Soci\u00e9t\u00e9 d&#039;avocats Damy\" \/>\n<meta property=\"og:description\" content=\"A la hora de constituir una empresa, los fundadores deben indicar los compromisos que han contra\u00eddo en nombre de su empresa en proceso de constituci\u00f3n, tales como la apertura de una cuenta bancaria, el pago de facturas&#8230; Son escrituras que vinculan a la empresa antes de la firma de los estatutos. La declaraci\u00f3n de compromisos [&hellip;]\" \/>\n<meta property=\"og:url\" content=\"https:\/\/gregorydamy.niceavocats.fr\/es\/produit\/situacion-de-los-compromisos-contraidos-por-los-fundadores\/\" \/>\n<meta property=\"og:site_name\" content=\"Soci\u00e9t\u00e9 d&#039;avocats Damy\" \/>\n<meta property=\"article:publisher\" content=\"https:\/\/www.facebook.com\/niceavocats.fr\/\" \/>\n<meta property=\"article:modified_time\" content=\"2023-05-06T11:41:27+00:00\" \/>\n<meta property=\"og:image\" content=\"https:\/\/gregorydamy.niceavocats.fr\/wp-content\/uploads\/2023\/04\/formulaires.png\" \/>\n\t<meta property=\"og:image:width\" content=\"2048\" \/>\n\t<meta property=\"og:image:height\" content=\"1536\" \/>\n\t<meta property=\"og:image:type\" content=\"image\/png\" \/>\n<meta name=\"twitter:card\" content=\"summary_large_image\" \/>\n<script type=\"application\/ld+json\" class=\"yoast-schema-graph\">{\"@context\":\"https:\/\/schema.org\",\"@graph\":[{\"@type\":\"WebPage\",\"@id\":\"https:\/\/gregorydamy.niceavocats.fr\/es\/produit\/situacion-de-los-compromisos-contraidos-por-los-fundadores\/\",\"url\":\"https:\/\/gregorydamy.niceavocats.fr\/es\/produit\/situacion-de-los-compromisos-contraidos-por-los-fundadores\/\",\"name\":\"Situaci\u00f3n de los compromisos contra\u00eddos por los fundadores - Soci\u00e9t\u00e9 d&#039;avocats Damy\",\"isPartOf\":{\"@id\":\"https:\/\/gregorydamy.niceavocats.fr\/es\/#website\"},\"primaryImageOfPage\":{\"@id\":\"https:\/\/gregorydamy.niceavocats.fr\/es\/produit\/situacion-de-los-compromisos-contraidos-por-los-fundadores\/#primaryimage\"},\"image\":{\"@id\":\"https:\/\/gregorydamy.niceavocats.fr\/es\/produit\/situacion-de-los-compromisos-contraidos-por-los-fundadores\/#primaryimage\"},\"thumbnailUrl\":\"https:\/\/gregorydamy.niceavocats.fr\/wp-content\/uploads\/2023\/04\/formulaires.png\",\"datePublished\":\"2023-04-01T08:20:16+00:00\",\"dateModified\":\"2023-05-06T11:41:27+00:00\",\"breadcrumb\":{\"@id\":\"https:\/\/gregorydamy.niceavocats.fr\/es\/produit\/situacion-de-los-compromisos-contraidos-por-los-fundadores\/#breadcrumb\"},\"inLanguage\":\"es\",\"potentialAction\":[{\"@type\":\"ReadAction\",\"target\":[\"https:\/\/gregorydamy.niceavocats.fr\/es\/produit\/situacion-de-los-compromisos-contraidos-por-los-fundadores\/\"]}]},{\"@type\":\"ImageObject\",\"inLanguage\":\"es\",\"@id\":\"https:\/\/gregorydamy.niceavocats.fr\/es\/produit\/situacion-de-los-compromisos-contraidos-por-los-fundadores\/#primaryimage\",\"url\":\"https:\/\/gregorydamy.niceavocats.fr\/wp-content\/uploads\/2023\/04\/formulaires.png\",\"contentUrl\":\"https:\/\/gregorydamy.niceavocats.fr\/wp-content\/uploads\/2023\/04\/formulaires.png\",\"width\":2048,\"height\":1536,\"caption\":\"Votre avocat \u00e0 Nice vous propose des mod\u00e8les d'actes et vous conseille sur leurs utilisation.\"},{\"@type\":\"BreadcrumbList\",\"@id\":\"https:\/\/gregorydamy.niceavocats.fr\/es\/produit\/situacion-de-los-compromisos-contraidos-por-los-fundadores\/#breadcrumb\",\"itemListElement\":[{\"@type\":\"ListItem\",\"position\":1,\"name\":\"Accueil\",\"item\":\"https:\/\/gregorydamy.niceavocats.fr\/es\/\"},{\"@type\":\"ListItem\",\"position\":2,\"name\":\"Boutique\",\"item\":\"https:\/\/gregorydamy.niceavocats.fr\/boutique\/\"},{\"@type\":\"ListItem\",\"position\":3,\"name\":\"Situaci\u00f3n de los compromisos contra\u00eddos por los fundadores\"}]},{\"@type\":\"WebSite\",\"@id\":\"https:\/\/gregorydamy.niceavocats.fr\/es\/#website\",\"url\":\"https:\/\/gregorydamy.niceavocats.fr\/es\/\",\"name\":\"Soci\u00e9t\u00e9 d&#039;avocats Damy\",\"description\":\"Justice - Confiance - Efficacit\u00e9\",\"publisher\":{\"@id\":\"https:\/\/gregorydamy.niceavocats.fr\/es\/#organization\"},\"potentialAction\":[{\"@type\":\"SearchAction\",\"target\":{\"@type\":\"EntryPoint\",\"urlTemplate\":\"https:\/\/gregorydamy.niceavocats.fr\/es\/?s={search_term_string}\"},\"query-input\":{\"@type\":\"PropertyValueSpecification\",\"valueRequired\":true,\"valueName\":\"search_term_string\"}}],\"inLanguage\":\"es\"},{\"@type\":\"Organization\",\"@id\":\"https:\/\/gregorydamy.niceavocats.fr\/es\/#organization\",\"name\":\"Soci\u00e9t\u00e9 d'Avocats DAMY\",\"alternateName\":\"Gr\u00e9gory DAMY\",\"url\":\"https:\/\/gregorydamy.niceavocats.fr\/es\/\",\"logo\":{\"@type\":\"ImageObject\",\"inLanguage\":\"es\",\"@id\":\"https:\/\/gregorydamy.niceavocats.fr\/es\/#\/schema\/logo\/image\/\",\"url\":\"https:\/\/gregorydamy.niceavocats.fr\/wp-content\/uploads\/2023\/04\/damylogo-1.png\",\"contentUrl\":\"https:\/\/gregorydamy.niceavocats.fr\/wp-content\/uploads\/2023\/04\/damylogo-1.png\",\"width\":1890,\"height\":1417,\"caption\":\"Soci\u00e9t\u00e9 d'Avocats DAMY\"},\"image\":{\"@id\":\"https:\/\/gregorydamy.niceavocats.fr\/es\/#\/schema\/logo\/image\/\"},\"sameAs\":[\"https:\/\/www.facebook.com\/niceavocats.fr\/\"]}]}<\/script>\n<!-- \/ Yoast SEO plugin. -->","yoast_head_json":{"title":"Situaci\u00f3n de los compromisos contra\u00eddos por los fundadores - Soci\u00e9t\u00e9 d&#039;avocats Damy","robots":{"index":"index","follow":"follow","max-snippet":"max-snippet:-1","max-image-preview":"max-image-preview:large","max-video-preview":"max-video-preview:-1"},"canonical":"https:\/\/gregorydamy.niceavocats.fr\/es\/produit\/situacion-de-los-compromisos-contraidos-por-los-fundadores\/","og_locale":"es_ES","og_type":"article","og_title":"Situaci\u00f3n de los compromisos contra\u00eddos por los fundadores - Soci\u00e9t\u00e9 d&#039;avocats Damy","og_description":"A la hora de constituir una empresa, los fundadores deben indicar los compromisos que han contra\u00eddo en nombre de su empresa en proceso de constituci\u00f3n, tales como la apertura de una cuenta bancaria, el pago de facturas&#8230; Son escrituras que vinculan a la empresa antes de la firma de los estatutos. La declaraci\u00f3n de compromisos [&hellip;]","og_url":"https:\/\/gregorydamy.niceavocats.fr\/es\/produit\/situacion-de-los-compromisos-contraidos-por-los-fundadores\/","og_site_name":"Soci\u00e9t\u00e9 d&#039;avocats Damy","article_publisher":"https:\/\/www.facebook.com\/niceavocats.fr\/","article_modified_time":"2023-05-06T11:41:27+00:00","og_image":[{"width":2048,"height":1536,"url":"https:\/\/gregorydamy.niceavocats.fr\/wp-content\/uploads\/2023\/04\/formulaires.png","type":"image\/png"}],"twitter_card":"summary_large_image","schema":{"@context":"https:\/\/schema.org","@graph":[{"@type":"WebPage","@id":"https:\/\/gregorydamy.niceavocats.fr\/es\/produit\/situacion-de-los-compromisos-contraidos-por-los-fundadores\/","url":"https:\/\/gregorydamy.niceavocats.fr\/es\/produit\/situacion-de-los-compromisos-contraidos-por-los-fundadores\/","name":"Situaci\u00f3n de los compromisos contra\u00eddos por los fundadores - Soci\u00e9t\u00e9 d&#039;avocats Damy","isPartOf":{"@id":"https:\/\/gregorydamy.niceavocats.fr\/es\/#website"},"primaryImageOfPage":{"@id":"https:\/\/gregorydamy.niceavocats.fr\/es\/produit\/situacion-de-los-compromisos-contraidos-por-los-fundadores\/#primaryimage"},"image":{"@id":"https:\/\/gregorydamy.niceavocats.fr\/es\/produit\/situacion-de-los-compromisos-contraidos-por-los-fundadores\/#primaryimage"},"thumbnailUrl":"https:\/\/gregorydamy.niceavocats.fr\/wp-content\/uploads\/2023\/04\/formulaires.png","datePublished":"2023-04-01T08:20:16+00:00","dateModified":"2023-05-06T11:41:27+00:00","breadcrumb":{"@id":"https:\/\/gregorydamy.niceavocats.fr\/es\/produit\/situacion-de-los-compromisos-contraidos-por-los-fundadores\/#breadcrumb"},"inLanguage":"es","potentialAction":[{"@type":"ReadAction","target":["https:\/\/gregorydamy.niceavocats.fr\/es\/produit\/situacion-de-los-compromisos-contraidos-por-los-fundadores\/"]}]},{"@type":"ImageObject","inLanguage":"es","@id":"https:\/\/gregorydamy.niceavocats.fr\/es\/produit\/situacion-de-los-compromisos-contraidos-por-los-fundadores\/#primaryimage","url":"https:\/\/gregorydamy.niceavocats.fr\/wp-content\/uploads\/2023\/04\/formulaires.png","contentUrl":"https:\/\/gregorydamy.niceavocats.fr\/wp-content\/uploads\/2023\/04\/formulaires.png","width":2048,"height":1536,"caption":"Votre avocat \u00e0 Nice vous propose des mod\u00e8les d'actes et vous conseille sur leurs utilisation."},{"@type":"BreadcrumbList","@id":"https:\/\/gregorydamy.niceavocats.fr\/es\/produit\/situacion-de-los-compromisos-contraidos-por-los-fundadores\/#breadcrumb","itemListElement":[{"@type":"ListItem","position":1,"name":"Accueil","item":"https:\/\/gregorydamy.niceavocats.fr\/es\/"},{"@type":"ListItem","position":2,"name":"Boutique","item":"https:\/\/gregorydamy.niceavocats.fr\/boutique\/"},{"@type":"ListItem","position":3,"name":"Situaci\u00f3n de los compromisos contra\u00eddos por los fundadores"}]},{"@type":"WebSite","@id":"https:\/\/gregorydamy.niceavocats.fr\/es\/#website","url":"https:\/\/gregorydamy.niceavocats.fr\/es\/","name":"Soci\u00e9t\u00e9 d&#039;avocats Damy","description":"Justice - Confiance - Efficacit\u00e9","publisher":{"@id":"https:\/\/gregorydamy.niceavocats.fr\/es\/#organization"},"potentialAction":[{"@type":"SearchAction","target":{"@type":"EntryPoint","urlTemplate":"https:\/\/gregorydamy.niceavocats.fr\/es\/?s={search_term_string}"},"query-input":{"@type":"PropertyValueSpecification","valueRequired":true,"valueName":"search_term_string"}}],"inLanguage":"es"},{"@type":"Organization","@id":"https:\/\/gregorydamy.niceavocats.fr\/es\/#organization","name":"Soci\u00e9t\u00e9 d'Avocats DAMY","alternateName":"Gr\u00e9gory DAMY","url":"https:\/\/gregorydamy.niceavocats.fr\/es\/","logo":{"@type":"ImageObject","inLanguage":"es","@id":"https:\/\/gregorydamy.niceavocats.fr\/es\/#\/schema\/logo\/image\/","url":"https:\/\/gregorydamy.niceavocats.fr\/wp-content\/uploads\/2023\/04\/damylogo-1.png","contentUrl":"https:\/\/gregorydamy.niceavocats.fr\/wp-content\/uploads\/2023\/04\/damylogo-1.png","width":1890,"height":1417,"caption":"Soci\u00e9t\u00e9 d'Avocats DAMY"},"image":{"@id":"https:\/\/gregorydamy.niceavocats.fr\/es\/#\/schema\/logo\/image\/"},"sameAs":["https:\/\/www.facebook.com\/niceavocats.fr\/"]}]}},"_links":{"self":[{"href":"https:\/\/gregorydamy.niceavocats.fr\/es\/wp-json\/wp\/v2\/product\/12194","targetHints":{"allow":["GET"]}}],"collection":[{"href":"https:\/\/gregorydamy.niceavocats.fr\/es\/wp-json\/wp\/v2\/product"}],"about":[{"href":"https:\/\/gregorydamy.niceavocats.fr\/es\/wp-json\/wp\/v2\/types\/product"}],"replies":[{"embeddable":true,"href":"https:\/\/gregorydamy.niceavocats.fr\/es\/wp-json\/wp\/v2\/comments?post=12194"}],"wp:featuredmedia":[{"embeddable":true,"href":"https:\/\/gregorydamy.niceavocats.fr\/es\/wp-json\/wp\/v2\/media\/17019"}],"wp:attachment":[{"href":"https:\/\/gregorydamy.niceavocats.fr\/es\/wp-json\/wp\/v2\/media?parent=12194"}],"wp:term":[{"taxonomy":"product_brand","embeddable":true,"href":"https:\/\/gregorydamy.niceavocats.fr\/es\/wp-json\/wp\/v2\/product_brand?post=12194"},{"taxonomy":"product_cat","embeddable":true,"href":"https:\/\/gregorydamy.niceavocats.fr\/es\/wp-json\/wp\/v2\/product_cat?post=12194"},{"taxonomy":"product_tag","embeddable":true,"href":"https:\/\/gregorydamy.niceavocats.fr\/es\/wp-json\/wp\/v2\/product_tag?post=12194"}],"curies":[{"name":"wp","href":"https:\/\/api.w.org\/{rel}","templated":true}]}}

Situación de los compromisos contraídos por los fundadores

<p>A la hora de constituir una empresa, los fundadores deben indicar los compromisos que han contraído en nombre de su empresa en proceso de constitución, tales como la apertura de una cuenta bancaria, el pago de facturas&#8230; Son escrituras que vinculan a la empresa antes de la firma de los estatutos. La declaración de compromisos se presenta a los socios en el momento de la firma de los estatutos. Se adjunta a esta última. Este vínculo significa, por tanto, que la empresa se compromete a hacerse cargo de ellos.</p>

<p>A la hora de constituir una empresa, los fundadores deben indicar los compromisos que han contraído en nombre de su empresa en proceso de constitución, tales como la apertura de una cuenta bancaria, el pago de facturas&#8230; Son escrituras que vinculan a la empresa antes de la firma de los estatutos. La declaración de compromisos [&hellip;]</p>

<!-- This site is optimized with the Yoast SEO plugin v26.8 - https://yoast.com/product/yoast-seo-wordpress/ -->
<title>Situación de los compromisos contraídos por los fundadores - Société d&#039;avocats Damy</title>
<meta name="robots" content="index, follow, max-snippet:-1, max-image-preview:large, max-video-preview:-1" />
<link rel="canonical" href="https://gregorydamy.niceavocats.fr/es/produit/situacion-de-los-compromisos-contraidos-por-los-fundadores/" />
<meta property="og:locale" content="es_ES" />
<meta property="og:type" content="article" />
<meta property="og:title" content="Situación de los compromisos contraídos por los fundadores - Société d&#039;avocats Damy" />
<meta property="og:description" content="A la hora de constituir una empresa, los fundadores deben indicar los compromisos que han contraído en nombre de su empresa en proceso de constitución, tales como la apertura de una cuenta bancaria, el pago de facturas&#8230; Son escrituras que vinculan a la empresa antes de la firma de los estatutos. La declaración de compromisos [&hellip;]" />
<meta property="og:url" content="https://gregorydamy.niceavocats.fr/es/produit/situacion-de-los-compromisos-contraidos-por-los-fundadores/" />
<meta property="og:site_name" content="Société d&#039;avocats Damy" />
<meta property="article:publisher" content="https://www.facebook.com/niceavocats.fr/" />
<meta property="article:modified_time" content="2023-05-06T11:41:27+00:00" />
<meta property="og:image" content="https://gregorydamy.niceavocats.fr/wp-content/uploads/2023/04/formulaires.png" />
	<meta property="og:image:width" content="2048" />
	<meta property="og:image:height" content="1536" />
	<meta property="og:image:type" content="image/png" />
<meta name="twitter:card" content="summary_large_image" />
<script type="application/ld+json" class="yoast-schema-graph">{"@context":"https://schema.org","@graph":[{"@type":"WebPage","@id":"https://gregorydamy.niceavocats.fr/es/produit/situacion-de-los-compromisos-contraidos-por-los-fundadores/","url":"https://gregorydamy.niceavocats.fr/es/produit/situacion-de-los-compromisos-contraidos-por-los-fundadores/","name":"Situación de los compromisos contraídos por los fundadores - Société d&#039;avocats Damy","isPartOf":{"@id":"https://gregorydamy.niceavocats.fr/es/#website"},"primaryImageOfPage":{"@id":"https://gregorydamy.niceavocats.fr/es/produit/situacion-de-los-compromisos-contraidos-por-los-fundadores/#primaryimage"},"image":{"@id":"https://gregorydamy.niceavocats.fr/es/produit/situacion-de-los-compromisos-contraidos-por-los-fundadores/#primaryimage"},"thumbnailUrl":"https://gregorydamy.niceavocats.fr/wp-content/uploads/2023/04/formulaires.png","datePublished":"2023-04-01T08:20:16+00:00","dateModified":"2023-05-06T11:41:27+00:00","breadcrumb":{"@id":"https://gregorydamy.niceavocats.fr/es/produit/situacion-de-los-compromisos-contraidos-por-los-fundadores/#breadcrumb"},"inLanguage":"es","potentialAction":[{"@type":"ReadAction","target":["https://gregorydamy.niceavocats.fr/es/produit/situacion-de-los-compromisos-contraidos-por-los-fundadores/"]}]},{"@type":"ImageObject","inLanguage":"es","@id":"https://gregorydamy.niceavocats.fr/es/produit/situacion-de-los-compromisos-contraidos-por-los-fundadores/#primaryimage","url":"https://gregorydamy.niceavocats.fr/wp-content/uploads/2023/04/formulaires.png","contentUrl":"https://gregorydamy.niceavocats.fr/wp-content/uploads/2023/04/formulaires.png","width":2048,"height":1536,"caption":"Votre avocat à Nice vous propose des modèles d'actes et vous conseille sur leurs utilisation."},{"@type":"BreadcrumbList","@id":"https://gregorydamy.niceavocats.fr/es/produit/situacion-de-los-compromisos-contraidos-por-los-fundadores/#breadcrumb","itemListElement":[{"@type":"ListItem","position":1,"name":"Accueil","item":"https://gregorydamy.niceavocats.fr/es/"},{"@type":"ListItem","position":2,"name":"Boutique","item":"https://gregorydamy.niceavocats.fr/boutique/"},{"@type":"ListItem","position":3,"name":"Situación de los compromisos contraídos por los fundadores"}]},{"@type":"WebSite","@id":"https://gregorydamy.niceavocats.fr/es/#website","url":"https://gregorydamy.niceavocats.fr/es/","name":"Société d&#039;avocats Damy","description":"Justice - Confiance - Efficacité","publisher":{"@id":"https://gregorydamy.niceavocats.fr/es/#organization"},"potentialAction":[{"@type":"SearchAction","target":{"@type":"EntryPoint","urlTemplate":"https://gregorydamy.niceavocats.fr/es/?s={search_term_string}"},"query-input":{"@type":"PropertyValueSpecification","valueRequired":true,"valueName":"search_term_string"}}],"inLanguage":"es"},{"@type":"Organization","@id":"https://gregorydamy.niceavocats.fr/es/#organization","name":"Société d'Avocats DAMY","alternateName":"Grégory DAMY","url":"https://gregorydamy.niceavocats.fr/es/","logo":{"@type":"ImageObject","inLanguage":"es","@id":"https://gregorydamy.niceavocats.fr/es/#/schema/logo/image/","url":"https://gregorydamy.niceavocats.fr/wp-content/uploads/2023/04/damylogo-1.png","contentUrl":"https://gregorydamy.niceavocats.fr/wp-content/uploads/2023/04/damylogo-1.png","width":1890,"height":1417,"caption":"Société d'Avocats DAMY"},"image":{"@id":"https://gregorydamy.niceavocats.fr/es/#/schema/logo/image/"},"sameAs":["https://www.facebook.com/niceavocats.fr/"]}]}</script>
<!-- / Yoast SEO plugin. -->

Situación de los compromisos contraídos por los fundadores - Société d&#039;avocats Damy

A la hora de constituir una empresa, los fundadores deben indicar los compromisos que han contraído en nombre de su empresa en proceso de constitución, tales como la apertura de una cuenta bancaria, el pago de facturas&#8230; Son escrituras que vinculan a la empresa antes de la firma de los estatutos. La declaración de compromisos [&hellip;]

Société d&#039;avocats Damy

Votre avocat à Nice vous propose des modèles d'actes et vous conseille sur leurs utilisation.

Justice - Confiance - Efficacité

Société d'Avocats DAMY

Grégory DAMY
