{"version":"1.0","provider_name":"Soci\u00e9t\u00e9 d&#039;avocats Damy","provider_url":"https:\/\/gregorydamy.niceavocats.fr\/es\/","title":"EL ACCIDENTE DE TRABAJO DEL TELETRABAJADOR - Soci\u00e9t\u00e9 d&#039;avocats Damy","type":"rich","width":600,"height":338,"html":"<blockquote class=\"wp-embedded-content\" data-secret=\"G55u51H0Nu\"><a href=\"https:\/\/gregorydamy.niceavocats.fr\/es\/el-accidente-de-trabajo-del-teletrabajador\/\">EL ACCIDENTE DE TRABAJO DEL TELETRABAJADOR<\/a><\/blockquote><iframe sandbox=\"allow-scripts\" security=\"restricted\" src=\"https:\/\/gregorydamy.niceavocats.fr\/es\/el-accidente-de-trabajo-del-teletrabajador\/embed\/#?secret=G55u51H0Nu\" width=\"600\" height=\"338\" title=\"\u00abEL ACCIDENTE DE TRABAJO DEL TELETRABAJADOR\u00bb \u2014 Soci\u00e9t\u00e9 d&#039;avocats Damy\" data-secret=\"G55u51H0Nu\" frameborder=\"0\" marginwidth=\"0\" marginheight=\"0\" scrolling=\"no\" class=\"wp-embedded-content\"><\/iframe><script type=\"text\/javascript\">\n\/* <![CDATA[ *\/\n\/*! This file is auto-generated *\/\n!function(d,l){\"use strict\";l.querySelector&&d.addEventListener&&\"undefined\"!=typeof URL&&(d.wp=d.wp||{},d.wp.receiveEmbedMessage||(d.wp.receiveEmbedMessage=function(e){var t=e.data;if((t||t.secret||t.message||t.value)&&!\/[^a-zA-Z0-9]\/.test(t.secret)){for(var s,r,n,a=l.querySelectorAll('iframe[data-secret=\"'+t.secret+'\"]'),o=l.querySelectorAll('blockquote[data-secret=\"'+t.secret+'\"]'),c=new RegExp(\"^https?:$\",\"i\"),i=0;i<o.length;i++)o[i].style.display=\"none\";for(i=0;i<a.length;i++)s=a[i],e.source===s.contentWindow&&(s.removeAttribute(\"style\"),\"height\"===t.message?(1e3<(r=parseInt(t.value,10))?r=1e3:~~r<200&&(r=200),s.height=r):\"link\"===t.message&&(r=new URL(s.getAttribute(\"src\")),n=new URL(t.value),c.test(n.protocol))&&n.host===r.host&&l.activeElement===s&&(d.top.location.href=t.value))}},d.addEventListener(\"message\",d.wp.receiveEmbedMessage,!1),l.addEventListener(\"DOMContentLoaded\",function(){for(var e,t,s=l.querySelectorAll(\"iframe.wp-embedded-content\"),r=0;r<s.length;r++)(t=(e=s[r]).getAttribute(\"data-secret\"))||(t=Math.random().toString(36).substring(2,12),e.src+=\"#?secret=\"+t,e.setAttribute(\"data-secret\",t)),e.contentWindow.postMessage({message:\"ready\",secret:t},\"*\")},!1)))}(window,document);\n\/\/# sourceURL=https:\/\/gregorydamy.niceavocats.fr\/wp-includes\/js\/wp-embed.min.js\n\/* ]]> *\/\n<\/script>\n","description":"En una sentencia dictada el 2 de septiembre de 2024 (n\u00ba 23\/00964), el Tribunal de Apelaci\u00f3n de Amiens tuvo que pronunciarse sobre la cuesti\u00f3n de la calificaci\u00f3n de los accidentes de trabajo en el contexto del teletrabajo. Esta decisi\u00f3n es tanto m\u00e1s importante cuanto que arroja luz sobre la protecci\u00f3n ofrecida a los teletrabajadores en caso de accidente ocurrido en su domicilio."}

Société d&#039;avocats Damy

EL ACCIDENTE DE TRABAJO DEL TELETRABAJADOR - Société d&#039;avocats Damy

<blockquote class="wp-embedded-content" data-secret="G55u51H0Nu"><a href="https://gregorydamy.niceavocats.fr/es/el-accidente-de-trabajo-del-teletrabajador/">EL ACCIDENTE DE TRABAJO DEL TELETRABAJADOR</a></blockquote><iframe sandbox="allow-scripts" security="restricted" src="https://gregorydamy.niceavocats.fr/es/el-accidente-de-trabajo-del-teletrabajador/embed/#?secret=G55u51H0Nu" width="600" height="338" title="«EL ACCIDENTE DE TRABAJO DEL TELETRABAJADOR» — Société d&#039;avocats Damy" data-secret="G55u51H0Nu" frameborder="0" marginwidth="0" marginheight="0" scrolling="no" class="wp-embedded-content"></iframe><script type="text/javascript">
/* <![CDATA[ */
/*! This file is auto-generated */
!function(d,l){"use strict";l.querySelector&&d.addEventListener&&"undefined"!=typeof URL&&(d.wp=d.wp||{},d.wp.receiveEmbedMessage||(d.wp.receiveEmbedMessage=function(e){var t=e.data;if((t||t.secret||t.message||t.value)&&!/[^a-zA-Z0-9]/.test(t.secret)){for(var s,r,n,a=l.querySelectorAll('iframe[data-secret="'+t.secret+'"]'),o=l.querySelectorAll('blockquote[data-secret="'+t.secret+'"]'),c=new RegExp("^https?:$","i"),i=0;i<o.length;i++)o[i].style.display="none";for(i=0;i<a.length;i++)s=a[i],e.source===s.contentWindow&&(s.removeAttribute("style"),"height"===t.message?(1e3<(r=parseInt(t.value,10))?r=1e3:~~r<200&&(r=200),s.height=r):"link"===t.message&&(r=new URL(s.getAttribute("src")),n=new URL(t.value),c.test(n.protocol))&&n.host===r.host&&l.activeElement===s&&(d.top.location.href=t.value))}},d.addEventListener("message",d.wp.receiveEmbedMessage,!1),l.addEventListener("DOMContentLoaded",function(){for(var e,t,s=l.querySelectorAll("iframe.wp-embedded-content"),r=0;r<s.length;r++)(t=(e=s[r]).getAttribute("data-secret"))||(t=Math.random().toString(36).substring(2,12),e.src+="#?secret="+t,e.setAttribute("data-secret",t)),e.contentWindow.postMessage({message:"ready",secret:t},"*")},!1)))}(window,document);
//# sourceURL=https://gregorydamy.niceavocats.fr/wp-includes/js/wp-embed.min.js
/* ]]> */
</script>

En una sentencia dictada el 2 de septiembre de 2024 (nº 23/00964), el Tribunal de Apelación de Amiens tuvo que pronunciarse sobre la cuestión de la calificación de los accidentes de trabajo en el contexto del teletrabajo. Esta decisión es tanto más importante cuanto que arroja luz sobre la protección ofrecida a los teletrabajadores en caso de accidente ocurrido en su domicilio.
